e of 40?
True
Does 188 divide 38743213?
False
Does 328 divide 496368265?
False
Is 8834460 a multiple of 438?
True
Is 2427500 a multiple of 971?
True
Does 217 divide 104326144?
False
Does 157 divide 51649546?
True
Is 31646238 a multiple of 68?
False
Is 3452 a factor of 110597311?
False
Does 12 divide 20945736?
True
Is 3 a factor of 341703811?
False
Is 11 a factor of 459726960?
True
Is 2269814424 a multiple of 1617?
False
Is 1730381660 a multiple of 140?
True
Is 6292300 a multiple of 70?
True
Is 57054420 a multiple of 1903?
False
Is 4157 a factor of 59914819?
False
Does 151 divide 52967478?
True
Does 55 divide 33892628?
False
Does 22 divide 93352688?
True
Does 1124 divide 93516800?
True
Is 84 a factor of 41954052?
True
Does 172 divide 3362600?
True
Does 1231 divide 61963616?
True
Does 227 divide 40230641?
False
Is 147140406 a multiple of 238?
True
Is 191798576 a multiple of 57?
False
Is 360 a factor of 42417964?
False
Is 105344174 a multiple of 12?
False
Is 721660002 a multiple of 15?
False
Is 5857621 a multiple of 599?
True
Does 12872 divide 3032512088?
False
Is 272867470 a multiple of 1231?
False
Is 1689928080 a multiple of 10?
True
Is 354257010 a multiple of 634?
True
Is 211 a factor of 191432625?
False
Does 58 divide 59809151?
False
Is 232193608 a multiple of 333?
False
Does 3 divide 110727693?
True
Is 5305 a factor of 497239488?
False
Is 23 a factor of 60299673?
False
Is 535 a factor of 17864720?
True
Is 826541683 a multiple of 37?
False
Does 15 divide 40896765?
True
Does 30 divide 60015565?
False
Is 5547938 a multiple of 22?
True
Is 2509352 a multiple of 10?
False
Does 5 divide 327751217?
False
Is 303922665 a multiple of 54?
False
Is 371530665 a multiple of 11?
True
Is 27 a factor of 24127065?
True
Is 99840781 a multiple of 2389?
False
Is 25 a factor of 44039575?
True
Is 87322202 a multiple of 11?
True
Does 29 divide 61650578?
True
Does 29 divide 123126750?
True
Is 326848374 a multiple of 42?
False
Does 83 divide 61774440?
False
Is 562 a factor of 811902854?
True
Does 307 divide 450854674?
True
Is 24 a factor of 410640184?
False
Is 20706029 even?
False
Is 507660642 a multiple of 7?
False
Is 4 a factor of 2073658?
False
Is 2799 a factor of 941474439?
True
Is 2800196209 a multiple of 1930?
False
Is 117525309 a multiple of 341?
True
Is 59 a factor of 389560598?
True
Is 102 a factor of 23819055?
False
Does 7 divide 1740480?
True
Is 533170127 a multiple of 17?
False
Is 32919574 a multiple of 749?
False
Does 53 divide 1242932?
False
Is 581 a factor of 51923179?
False
Is 161 a factor of 1228884613?
False
Is 1539561132 a multiple of 36?
True
Is 22625446 a multiple of 2301?
False
Does 494 divide 24128281?
False
Is 1650 a factor of 825392700?
True
Is 9 a factor of 88960026?
False
Does 48 divide 173904912?
True
Is 1433351906 a multiple of 6?
False
Does 18 divide 690949404?
True
Is 10 a factor of 84382400?
True
Does 36 divide 3976455528?
True
Is 634517075 a multiple of 674?
False
Does 2123 divide 672168144?
False
Is 369752838 a multiple of 6?
True
Is 173205549 a multiple of 62?
False
Does 166 divide 2408500?
False
Does 98 divide 1111826709?
False
Is 35813478 a multiple of 44?
False
Is 78 a factor of 205699990?
False
Is 64963841 a multiple of 385?
False
Does 5591 divide 517495660?
False
Is 1891 a factor of 33395195?
False
Is 102 a factor of 1023468?
True
Does 125 divide 512831078?
False
Is 6 a factor of 79722130?
False
Is 8959740 a multiple of 6?
True
Is 19373846 a multiple of 60?
False
Is 30 a factor of 227837670?
True
Is 61964388 a multiple of 306?
True
Is 83559910 a multiple of 266?
True
Is 15 a factor of 3360726894?
False
Is 46 a factor of 125525718?
False
Does 13 divide 128073673?
True
Is 1802230 a multiple of 20?
False
Does 353 divide 10866370?
False
Is 98 a factor of 16142462?
True
Is 1046902800 a multiple of 60?
True
Does 56 divide 1049359024?
True
Does 20 divide 80869100?
True
Is 26 a factor of 4480635068?
True
Is 508640753 a multiple of 70?
False
Is 1177321334 a multiple of 1222?
False
Does 4422 divide 418334466?
True
Does 5986 divide 1419346446?
True
Is 201840712 a multiple of 1403?
False
Is 20440086 a multiple of 1194?
True
Does 7 divide 227738345?
False
Does 704 divide 34144931?
False
Does 3867 divide 218562840?
True
Is 485 a factor of 288527470?
True
Is 3718 a factor of 3410097980?
False
Is 592 a factor of 13118128?
True
Is 26 a factor of 268637545?
False
Is 1132 a factor of 33318855?
False
Is 1278373787 a multiple of 938?
False
Is 381 a factor of 3047903109?
False
Is 29495835 a multiple of 1061?
False
Is 122101110 a multiple of 185?
True
Is 663668489 a multiple of 22?
False
Does 70 divide 117230173?
False
Is 7 a factor of 202930399?
True
Is 136242725 a multiple of 85?
False
Does 1096 divide 883549015?
False
Is 1262 a factor of 76457266?
False
Is 62 a factor of 65448936?
True
Is 22 a factor of 941486930?
False
Does 1750 divide 2836188476?
False
Is 674877568 a multiple of 32?
True
Is 400401549 a multiple of 3?
True
Is 622702832 a multiple of 5876?
False
Does 210 divide 4900378?
False
Does 725 divide 56882050?
True
Is 763813615 a multiple of 1049?
True
Is 527496533 a multiple of 4543?
False
Is 339334212 a multiple of 17?
True
Is 125 a factor of 1144113194?
False
Does 1008 divide 127339632?
True
Does 120 divide 14402160?
True
Is 705 a factor of 14902796?
False
Is 62 a factor of 1582218529?
False
Is 5165 a factor of 647024715?
True
Is 1976 a factor of 1307231626?
False
Is 146 a factor of 41860536?
True
Is 183 a factor of 36605673?
True
Does 13 divide 75710071?
False
Does 26 divide 5710874?
True
Does 1620 divide 915675840?
True
Is 4715325021 a multiple of 4367?
True
Does 1323 divide 22678785?
False
Is 666176727 a multiple of 38?
False
Is 80119900 a multiple of 4900?
True
Does 3328 divide 418933848?
False
Does 18 divide 349686295?
False
Is 273815078 a multiple of 178?
False
Is 86 a factor of 2783734?
True
Does 26 divide 45434842?
False
Does 8 divide 15559320?
True
Is 291897000 a multiple of 15?
True
Does 25 divide 494207700?
True
Does 116 divide 29853108?
False
Is 48 a factor of 200991774?
False
Does 7 divide 2624424803?
True
Is 98 a factor of 36436694?
True
Does 1264 divide 188974320?
True
Does 6 divide 294740376?
True
Does 770 divide 15287713?
False
Does 1653 divide 481357621?
False
Does 877 divide 57727092?
False
Does 85 divide 216113012?
False
Is 153404900 a multiple of 5611?
False
Is 5248 a factor of 972404810?
False
Is 202 a factor of 19959031?
False
Is 189753828 a multiple of 12?
True
Is 123 a factor of 734779122?
True
Is 9957445 a multiple of 227?
False
Is 196 a factor of 15615064?
False
Does 14 divide 166563533?
False
Does 3 divide 11427647?
False
Does 3475 divide 3351835575?
True
Does 143 divide 38101206?
True
Does 300 divide 26839038?
False
Is 24 a factor of 10691808?
True
Is 17 a factor of 33232552?
True
Is 71387258 a multiple of 6441?
False
Is 303023640 a multiple of 13?
False
Is 566 a factor of 185111998?
True
Is 67 a factor of 110048414?
False
Is 291515743 a multiple of 622?
False
Is 34088274 a multiple of 99?
True
Is 16036006 a multiple of 7?
True
Does 102 divide 16787657?
False
Does 273 divide 671107149?
False
Is 63144225 a multiple of 9?
True
Is 102833304 a multiple of 6?
True
Does 24 divide 202642128?
True
Is 42523501 a multiple of 17?
False
Is 5026392 a multiple of 12?
True
Is 99 a factor of 124292220?
False
Is 37 a factor of 210318138?
True
Is 2398 a factor of 32939423?
False
Does 566 divide 367334?
True
Is 1546795500 a multiple of 100?
True
Is 33177192 a multiple of 186?
True
Is 7827183 a multiple of 9?
True
Is 915 a factor of 10379549?
False
Is 1771 a factor of 3383920540?
True
Is 19353382 a multiple of 58?
True
Is 359 a factor of 457005585?
False
Does 60 divide 108641789?
False
Is 3 a factor of 13859630?
False
Is 6480878 a multiple of 3?
False
Is 14 a factor of 65294712?
True
Does 238 divide 85674526?
True
Does 14 divide 5038448?
False
Is 31040262 a multiple of 38?
True
Is 54 a factor of 1630365000?
False
Does 10 divide 158943463?
False
Is 43 a factor of 78449759?
True
Is 463333420 a multiple of 5533?
True
Is 94648500 a multiple of 1350?
True
Is 28 a factor of 4266474268?
True
Does 435 divide 227480976?
False
Does 6 divide 400299612?
True
Is 295932784 a multiple of 4?
True
Is 1837 a factor of 8225181?
False
Is 26 a 